f h.
3
Suppose -4 = -4*h - 0. Let t be 2 + 22 - (1 + h). Suppose t = -o + 3*o. List the prime factors of o.
11
Let y(o) = o + 4. Let s be y(-3). Let g = -12 + 21. Suppose -c + s = -g. List the prime factors of c.
2, 5
Let b be (7 - 3)*(-8)/(-2). Suppose 0 = -l + 5*l + b. Let r(n) = -n. List the prime factors of r(l).
2
Suppose -281 = -2*k + 41. Suppose -3*y + 4*j = -k, 4*y - 3*j = y + 156. What are the prime factors of y?
47
Let k(r) be the second derivative of -r**3/6 + 3*r**2 - r. Let g be k(4). Suppose -2*l + 28 = -0*l + g*t, 0 = 3*l - 3*t - 24. What are the prime factors of l?
11
Let t(q) = -q. Let l be t(4). Let x be (-2)/(-4)*(-24)/l. Suppose -g + 5 = -x. List the prime factors of g.
2
Let a = 103 + -14. List the prime factors of a.
89
Let r = 5 - 2. What are the prime factors of (18/(-15))/(r/(-15))?
2, 3
Let b = -40 + 27. Let j = -8 - b. Suppose 0*r - j*r + 45 = 0. What are the prime factors of r?
3
Let o(q) = -q**2 - 7*q - 6. Let s = -17 - -10. Let i be o(s). Let g = i + 19. What are the prime factors of g?
13
Let d = -1 - 4. Let r(p) = -6*p + 7. List the prime factors of r(d).
37
Let a = -13 + 20. Let s = a + -5. List the prime factors of s.
2
Let w = 5 + -10. What are the prime factors of ((-4)/w)/((-2)/(-15))?
2, 3
Let r(g) = -g**2 + 6*g - 1. Suppose 5*h + 6 = 2*h. Let q(m) = 2*m**2 - 6*m + 2. Let z(a) = h*q(a) - 3*r(a). List the prime factors of z(-4).
7
Let y = 173 - 90. What are the prime factors of y?
83
Let z(k) = k**3 + 7*k**2 + 6*k + 7. Let g be z(-6). Let w = 23 - g. What are the prime factors of w?
2
Let q = 12 - 8. Suppose -2*m - 30 = -q*w, -4*m - 18 = 3*w - 5*w. Suppose 5*i - 35 = 3*r, 14 = 3*i + r - w. What are the prime factors of i?
7
Suppose 24 = 5*p + 4*o, 5*o + 15 = 8*p - 3*p. List the prime factors of p.
2
Let s(r) be the second derivative of r**5/20 + r**4/6 - r**3/6 + r**2 - r. Suppose -1 = -2*z - 5. List the prime factors of s(z).
2
What are the prime factors of (0 + -2)/(-16) + 6222/16?
389
Let n(w) = w**2 - 7*w + 1. Let c be n(7). Let q = -1 + c. List the prime factors of (-5 + q)*8/(-10).
2
What are the prime factors of ((-22)/22)/((-2)/10)?
5
Let l be (3/(-2))/((-18)/420). Suppose 3*s + l = 8*s. List the prime factors of s.
7
Let r be (-21)/(-4) - (-5)/(-20). Suppose 3*g = -4*s + 55, -r*s - 4*g + 60 = -s. What are the prime factors of s?
2, 5
What are the prime factors of 2*(378/4 - 4)?
181
Let g be -4*((-14)/2)/1. Suppose -u + 5*u = -68. Let p = u + g. List the prime factors of p.
11
Let l = 3 - 1. Let u be (-6)/12*l*-74. List the prime factors of (-1)/(u/(-36) + 2).
2, 3
Let y(p) = p + 9. Let g be y(-5). What are the prime factors of 17/6 - g/(-24)?
3
Suppose -t = 5*b - 163 - 86, -4*t = -4*b + 204. What are the prime factors of b?
2, 5
Suppose 4*y + 3*d = 940, -3*d + 0*d = 0. What are the prime factors of y?
5, 47
Let y(w) be the first derivative of -w - 3 - 1/2*w**2. What are the prime factors of y(-6)?
5
Let f = -7 + 8. Let p be 11 + (-1)/f*2. Let g(k) = -k**3 + 8*k**2 + 10*k - 5. List the prime factors of g(p).
2
What are the prime factors of -2 + -8*4/(-8)?
2
Let k(g) = g + 2. Let i be k(3). Let v(t) = t**2 - 7*t - 8. Let h be v(8). List the prime factors of h - (1 + (1 - i)).
3
Suppose 3*y - 18 = 6*y. Let z = y - -18. List the prime factors of z.
2, 3
Suppose -r - 672 = -9*r. List the prime factors of r.
2, 3, 7
Let x = 6 - 5. Suppose -x = v + 2*g, 2*g + 1 - 10 = v. List the prime factors of -1 + -1 + 1 - v.
2
Suppose -10*u + 12*u = 18. What are the prime factors of u?
3
Let h = 37 - 18. Suppose h + 3 = v. What are the prime factors of v?
2, 11
Suppose -2*v - 97 = 4*t + v, 0 = -4*t + 2*v - 102. Let o = 40 + t. List the prime factors of o.
3, 5
Suppose 4*l - s = -0*l + 259, 5*s = -15. List the prime factors of l.
2
Suppose 5*g + 20 = -5*b, 5*b + 3 = 3*g + 15. Suppose p - 3*p + 46 = b. What are the prime factors of p?
23
Suppose -2*k + 8 = 3*j, 3 = 5*k - 2. Suppose -2*c = j*p - 8, -2*p + 18 = 4*c + 3*p. Suppose c*q - 6 = -2. List the prime factors of q.
2
Let f(i) = i**3 + 15*i**2 + 9*i - 30. List the prime factors of f(-14).
2, 5
List the prime factors of ((-1752)/40)/(1/(-5)).
3, 73
Let h(x) be the second derivative of x**4/12 + x**3/3 + 3*x**2/2 + 2*x. What are the prime factors of h(3)?
2, 3
Let y(d) = -d**3 - 4*d**2 - d + 3. Let j be y(-4). Let p(b) = b**3 - 7*b**2 + 2*b + 1. Let u be p(j). Let w = -11 + u. What are the prime factors of w?
2
Suppose -2*x + 5*m + 8 = 0, 0*x - x - 10 = m. Let j = 31 + x. What are the prime factors of j?
5
Suppose y + 2 = 3. Let u = y - 6. List the prime factors of ((-2)/u)/((-6)/(-270)).
2, 3
Let f = 9 - -27. Suppose 3*i + f = 7*i. What are the prime factors of i?
3
What are the prime factors of (32/(-2))/4 + 7?
3
Let a(o) = -o**2 + 6*o - 1. Let z be a(6). List the prime factors of (-2)/4*20/z.
2, 5
Let i = -9 + 11. List the prime factors of 2 + 22 - (i + -2).
2, 3
Suppose 0*u = -u + 2. Let j = u + 2. What are the prime factors of j?
2
Let y = -9 + 19. List the prime factors of (14/4)/7*y.
5
Suppose 0 = -35*n + 33*n + 24. What are the prime factors of n?
2, 3
Suppose 3*p + 3*r - 3 = 0, -5*p + 4*p - 14 = 4*r. Suppose 0 = -p*m + m + 385. Suppose 3*q + 4 = -q, 5*q + m = 4*z. What are the prime factors of z?
2, 3
Suppose -3*z + 84 = -30. List the prime factors of z.
2, 19
Suppose -3*c = -a + 29, 20 = -c - c + a. Let i be (2 - -1)/(c/12). Let f(w) = w**2 + 2*w + 3. What are the prime factors of f(i)?
11
Suppose -2*z - 1 - 1 = 0, -155 = -4*p - z. List the prime factors of p.
3, 13
Let l = -18 + 25. Suppose -5*f + 34 = 3*v, -l*v + 2*v + 15 = 0. Suppose -8 = -4*m - 4*j, -2*j = f*m - 5*j - 42. What are the prime factors of m?
2, 3
Suppose -4*p + 498 = -w - 165, -12 = 4*w. List the prime factors of p.
3, 5, 11
What are the prime factors of 1*8*(9 - 5)?
2
Suppose -96 = -4*m + 12. Suppose p + 0 - 3 = 0, 0 = -5*j + 2*p + 14. Suppose j*s = m + 9. List the prime factors of s.
3
Suppose -l - 3 = -39. List the prime factors of l.
2, 3
Let r(l) be the first derivative of l**2/2 + 9*l + 1. Let y = -15 + 8. List the prime factors of r(y).
2
What are the prime factors of (-112)/(-3) - (-10)/15?
2, 19
Let s = 22 + -48. Let o(h) = -h**3 + 4*h**2 + 2*h + 1. Let v be o(5). Let f = v - s. List the prime factors of f.
2, 3
Suppose 3*p - 7 - 2 = 0. Suppose 3*a + y - 10 = 0, p*a + 2*y - 15 = -2*a. Suppose -3*z = -z + 2*f - 2, 3*f + 13 = a*z. List the prime factors of z.
2
Let g(p) = 4*p**2 - p - 3. Let v be g(2). Let r be 6 - (-1 + 1 + -1). Let q = v - r. List the prime factors of q.
2
Suppose -5*f = -147 - 33. What are the prime factors of f?
2, 3
Let r = -256 - -524. What are the prime factors of r?
2, 67
Let y(o) = -6. Let r(m) = -m - 1. Let g(j) = 3*r(j) - y(j). Let a be g(5). Let c = a + 23. What are the prime factors of c?
11
Suppose 3*g = 3*o + 51, g = o + 2*g + 25. Suppose k = -3*w - 22, -3*k + 7*w = 2*w + 24. Let r = k - o. What are the prime factors of r?
2
Suppose -2*s + 84 = -3*m, -96 = 4*m - m + 2*s. List the prime factors of -1 - (-4)/((-8)/m).
2, 7
Suppose -r = -17 - 20. List the prime factors of r.
37
Let r(l) be the second derivative of -l**4/6 + l**3/6 - l. Let i be r(-1). What are the prime factors of (1 + -7)/(1 + i)?
3
Let d = 270 - 135. Suppose -5*t + 2*h + d = -h, -4*t + 2*h = -108. What are the prime factors of t?
3
Suppose -5*i + 1419 = 4*m, m - 4*m + 2*i + 1070 = 0. List the prime factors of m.
2, 89
Suppose -3*r - 2*f + 201 = 0, 0 = r + 3*r - 3*f - 285. List the prime factors of r.
3, 23
Let j be (-6 + 2)/(1/1). Let z = -7 + 15. List the prime factors of 42/z + j/16.
5
Suppose 8*s = 3*s + 25. Let a = -1 + s. What are the prime factors of a?
2
Let b(i) = -i**3 - 9*i**2 - 8*i + 4. Let n(r) be the second derivative of r**3/2 + 2*r**2 + 4*r. Let y be n(-4). What are the prime factors of b(y)?
2
What are the prime factors of (-1700)/(-45) + 6/27?
2, 19
Suppose d + 76 = 2*y - 4*d, 2*y - 60 = -3*d. What are the prime factors of y?
3, 11
Let n be (-24)/(-11) + (-8)/44. Suppose -81 = -3*v + 2*w - 1, -n*v = 4*w - 80. List the prime factors of v.
2, 3, 5
Let r be -1*(-9)/3 - 0. Let u be 3/9 - (-56)/r. Let a = 36 - u. List the prime factors of a.
17
Suppose -5*s + 10*s = 160. What are the prime factors of s?
2
What are the prime factors of (69/46)/(3/122)?
61
Suppose 76 = 2*